- -76).
27
What is 14 + (-58 - 1) - 7 - (-5 - -4)?
-51
3 - (-1 + (-1 - 4) - (0 + -44))
-35
What is -990 - -998 - (-4 - 37)?
49
Calculate -13 + (1 - 10) + 73 + -5.
46
(107 - 92 - (80 - 0)) + -9 + 2 + 3
-69
What is (248 + -253 - (-2 - -13)) + 75?
59
Evaluate (-15 - 5) + 18 + -35 + 58 - 69.
-48
Evaluate 7 + -9 + (-239 - -230 - (-63 + 0 + 1)).
51
What is -1 + -35 - (16 - ((18 - -25) + -16))?
-25
Calculate -1 + -10 - (-287 - (-362 - -95)).
9
What is the value of -125 + 6 + 42 - -41?
-36
Evaluate 348 + -386 - (-5 + -1 - -6).
-38
What is -1 + 11 + -7 - (15 + 18 + -7)?
-23
Evaluate 3 + 1 - (29 + -9 + 0 + -22) - -46.
52
What is the value of (-77 - (-18 + 42)) + 45 + -15?
-71
What is the value of -7 - 6 - (110 + 9 + -14 + 31)?
-149
What is the value of (45 + 38 - 31) + -82?
-30
Evaluate 0 - -106 - (21 + 0 - (-309 - -345)) - 0.
121
Evaluate (63 - (10 + 15)) + 13 - (10 - 3).
44
What is the value of 8 + -19 - (-48 + -3 + 5) - -11?
46
10 + (-95 - (27 + 5 - 23 - 21))
-73
-41 + (-18 - -15) + 54
10
Calculate 160 + (-14 - 63) - 14.
69
Evaluate 24 + -52 + 43 + 1 + -1.
15
What is the value of (7 - (7 - (21 + (-4 - 7)))) + -17 + 74?
67
Calculate -32 - (25 + -161 + 14) - 26.
64
Calculate (-14 - -9) + (52 - 81) - 48.
-82
Evaluate 37 - (-41 - (-31 + -57)) - 8.
-18
34 + (158 - 143) + (0 - (12 + 0))
37
Evaluate -20 - (8 + 21 + (22 - 22)).
-49
Calculate (69 - 47) + (1 - (8 - 9)).
24
What is -8 + 27 + (3 - (-10 - -21)) - 107?
-96
Evaluate 3 - 20 - (1513 - 1521).
-9
Calculate (-7 - -10) + 2 + -18 + 42 + -25.
4
Calculate -17 + -10 + 11 + 7 + -94.
-103
What is 25 - (2 + (-19 - (13 - 38)))?
17
Calculate 27 - -21 - ((48 - 86) + 79).
7
-9 - (7 + (-21 - 57))
62
What is the value of 13 - (-45 + 54 - (1 - (1 - 39)))?
43
What is the value of -22 + (-75 + 75 - (-17 - 3))?
-2
Evaluate -14 - -76 - (139 - 27).
-50
What is the value of -24 + 18 + 5 + 0 + -10 + 6?
-5
What is -268 + 353 - (-6 + 54)?
37
What is the value of 8 + (27 - (13 + -2))?
24
Evaluate (39 - -14) + -4 + -28 + 29.
50
20 + -88 + 40 + (2 - 5)
-31
Evaluate -5 - -1 - (-30 - -12 - (0 + -3)).
11
-11 + -3 - -3 - -1 - (-46 + 106 - 134)
64
What is (4 - 35 - 5 - (-12 - 8)) + -34?
-50
What is (153 - 102) + 101 - 48?
104
-40 + 1 + 6 - (-4 - 9 - -4)
-24
Calculate -100 - (-86 - -25) - -58.
19
What is (-84 - (-68 + 62)) + 23?
-55
(-16 - 2) + (-26 - (-18 - (-39 + 66)))
1
What is the value of (16 + -3 - 13) + -5 + 5 + 21?
21
-42 + 9 + (8 - 17 - -109)
67
What is the value of -158 - -3 - -32 - -36?
-87
-35 - (3 + 2 + 3 - 0)
-43
What is the value of (-12 - 2) + -2102 + 2081?
-35
12 - (-8 - (-4 + (-9 - (10 + -38))))
35
Calculate 24 - (11 + -9 + (2 - 16)) - 2.
34
Evaluate (5 - 0 - (-76 + 107)) + 23 - 35.
-38
What is the value of -111 - (-26 + 9 + -27 - (-35 + 12))?
-90
-875 + 878 + (-87 - ((3 - 3) + 0))
-84
Calculate -23 + (67 - -118 - 69).
93
What is the value of (52 - 77 - -9) + 89?
73
What is the value of 6 + (-9 + 73 - (3 - (10 - (3 - -8))))?
66
What is the value of 28 - 13 - -56 - (19 - (31 - -8))?
91
Calculate -36 + (30 - (-28 - -11)).
11
18 - (19 + -24 + 19 + 6 + -26)
24
What is the value of 7 + (-6 - 0) - -9 - (9 + -7 + -55)?
63
What is -292 + 670 + -406 + (117 - -1)?
90
What is the value of -19 + (3 + 1 - (-499 - -491))?
-7
What is the value of 50 + -114 + 41 - (16 + 1)?
-40
Calculate 28 + (-42 - 54) + 131.
63
Evaluate 9 + 16 + 21 + 24 + -8 + 4.
66
What is the value of 2 + (1 - (1 + 82)) - (-80 - (188 + -282))?
-94
What is 12 + -3 + (9 - 25) + 15 - 1 - -35?
42
What is -8 - (-117 - 6) - (-1063 - -1083)?
95
Evaluate -34 - (-181 - -66) - 40.
41
-55 - ((12 - 10) + 1 + (3 + -10 - -12))
-63
-4 + -3 + 2 + -104 + (18 - -80)
-11
Evaluate -39 - (-50 + 74 + -104).
41
Calculate 1 - (7 - 0) - (-27145 + 27066).
73
Calculate 3 + -4 - (0 + -16) - (6858 - 6860).
17
What is 13 - (35 + -24 + 3 - (4 + 70))?
73
Evaluate 103 - (8 - 44) - 137.
2
What is 1172 + -947 - (0 - -114)?
111
What is the value of (-24 - 23 - -55) + -2?
6
-8 + (-41 + (3 - -2) - (2 - 1)) - -8
-37
-3 + -3 + (-58 - (3 + -16))
-51
-121 + 103 + 39 + (-42 - 0) + 151
130
What is -44 - -48 - (4 - 7) - (8 - 0)?
-1
Calculate -18 + 27 + 26 - (24 + 1).
10
Calculate (27 - 63 - -34) + 11.
9
What is 6 + (-3 - 2) + 0 - 7 - -4 - -24?
22
Calculate (-8 - 60) + -2 - (-35 - -21).
-56
50 - (0 + 4 + 0 + -30 + 13)
63
(15 + 10 + 2 - -30) + (-9 - 4)
44
(-6 - (-3 + 3 + 5)) + (-6 - -67) + 7
57
What is the value of 22 - 19 - (-87 - (1 - 7)) - (1 + 3)?
80
-2 - (146 + -134 - (-28 - -2))
-40
81 + (29 - 80) - 3
27
What is the value of (-90 + 85 - (-1 + -3 + -18)) + -8 - -49?
58
What is 0 + (4 - 2) + 17 + 12 + -13?
18
Calculate -65 - (-2 + (5 - -10) + -4 - (14 - 2)).
-62
Evaluate 977 - 907 - (-6 - (1 - 37)).
40
(-147 + 97 - (2 - 11)) + -1
-42
What is the value of (8 - (17 - (0 - -1))) + (-4 - (7 + -152))?
133
167 - (10 - 39 - -112)
84
-103 + (-4 - -2) - (103 - 235 - -127)
-100
Evaluate -2 - 67 - (14 + (50 - 56) + (3 - -1)).
-81
What is 1 - 19 - ((1 - 36) + -1448 + 1368)?
97
Calculate 26 - 15 - (-7 - 8) - ((5 - 1) + -2).
24
Evaluate -81 - (-107 - (-30 + 96)).
92
Evaluate 15 + -12 + (3 + 7 - (-7 + 4)).
16
What is the value of (21 - (-14 + -14 + 17 - (-8 + -12))) + -27?
-15
Calculate -42 + 81 + -22 - 4.
13
What is -20 - (-21 + (29 - 27)) - 62?
-63
What is the value of 6 - -3 - (-35 + 30) - (14 + (-12 - 15))?
27
What is the value of 39 - (-18 - (-18 - (-8 + 17)))?
30
Evaluate -23 + 25 + (-16 - -8) + 8 - -15.
17
Calculate (47 - 47 - (15 - (5 + (3 - 6)))) + 31.
18
Calculate (-4 - (-25 - -9) - (-5 + 15)) + -4.
-2
What is the value of 28 + -25 - 22 - (0 - 30)?
11
570 + -564 - (0 + (73 - 4) + 1)
-64
What is the value of -22 + 8 + (-19 - 10) + 9?
-34
What is -99 + 2 + 120 + (-3 - -5)?
25
Evaluate 0 + -7 - (65 + -60).
-12
-145 - -130 - -1 - (2 + 50)
-66
Evaluate 46 + 37 + -75 + 41 + 3 - 16.
36
Calculate (11 - (19 + -12)) + -13 + -3 + 57.
45
-3 - 59 - (-31 + (18 - 1))
-48
Calculate -2843 + 2935 + (0 - 0 - (1 + 1)) + -12.
78
What is (-104 - (-190 + 87)) + (-1 - (3 + 70))?
-75
What is 2 - -12 - ((-44 - 12) + 10)?
60
What is (-4 - (0 - -3)) + (3 + 22 - 22) + 29?
25
What is 40 - (56 - 33) - 55?
-38
Evaluate (-30 - (21 - (2 + -11 + 45))) + -83 + 0.
-98
Evaluate (-1 - -1 - (-15 + (-39 - -35))) + -42.
-23
What is -15 - -21 - (166 - 145)?
-15
Evaluate 45 + 2 + -13 + (-3 - (1 - 15)) + -8.
37
What is the value of 48 + (-28 - -3) + (1 - -12)?
36
502 + -473 - (50 + 7)
-28
What is (43 - (17 + 40)) + 37 - (-4 - 0)?
27
Evaluate 0 + 2 + (5 - -1) + -8 + 19 + -5.
14
Evaluate -10 - 36 - (-8 - -6) - -20.
-24
Calculate -27 - ((-63 - -62) + 15).
-41
What is -14 - -6 - -29 - (32 - 142 - -16)?
115
What is (3566 - 3398) + -89 + -1?
78
What is 27 + -56 + -2 + 6 - -9?
-16
-11 - (-134 - (-80 - -13))
56
What is the value of (409 + -362 - (-4 + 1 + (-5 - -10))) + -6?
39
Calculate 38 - (68 + -31 + -83).
84
-7 + -35 - (43 + -29) - -34
-22
Calculate (724 - 740) + (3 - -51).
38
Evaluate -28 - (1 + 18 + -20).
-27
0 + 50 - (306 - 243)
-13
Evaluate ((41 - -8) + -29 - 34) + 5.
-9
Evaluate 14 + (44 - 182) - (-16 + 5).
-113
Evaluate 114 - (58 + 139) - (-11 + 0).
-72
What is the value of (2 - 0) + 47 + (50 - 134 - -79)?
44
Calculate -94 - (26 + 35 + -92) - -28.
-35
Evaluate 33 - -38 - 85 - (-4 + 7 + -116).
99
-144 - (-17 + 121 + -387)
139
Calculate 8 + -85 - (-7 + 54 - 61).
-63
What is -57 - (-154 - -68) - (16 - 8)?
21
Calculate (-51 + 48 + (-4 - -3) + -6 - -7) + 18.
15
-86 + -2 - (11 - -8) - (3 + 0)
-110
What is the value of (9 - 7) + 18 - (-34 - 0)?
54
What is the value of -21 - (24 - 38 - -29)?
-36
-12 + -2 + 1 + (-1384 - -1402)
5
Evaluate 3 + 3 + -9 + (13 + -4 - (3 - -8)).
-5
What is 14679 + -14614 - (-1 + 73)?
-7
What is the value of -1241 - -1216 - (-17 - 0)?
-8
What is the value of -54 - (-34 - -16 - 77)?
41
Evaluate (5 - -1) + -2018 + 1968 - -12.
-32
What is 111 - (17 - 2) - (1 + (-5 - -3))?
97
What is (7 - (11 + (7 - 12))) + (387 - 247)?
141
What is -4 + (-12 + 11 - 11 - -11) + (2 - -32)?
29
Evaluate 7 + 22 + -11 - 11 - (117 + -42).
-68
1 + -4 + -117 - (5982 + -6004)
-98
Evaluate 69 + -20 + (2 - -10) + -13.
48
(10 - -2) + 299 + -327 + -3 + 11 + 3
-5
What is -15 - ((-5 - -2) + (24 + -20 - 18))?
2
Calculate 1 - 4 - 10 - (41 - 46 - 16).
8
What is the value of -7 + 8 + (-8 - (-23 - -45))?
-29
What is the value of (-8 - (-2 - -8) - -18) + 4 + (0 - 56)?
-48
